{"id":293,"date":"2018-04-04T17:31:38","date_gmt":"2018-04-04T15:31:38","guid":{"rendered":"https:\/\/www.sejour-laponie.com\/?page_id=293"},"modified":"2024-03-23T23:55:09","modified_gmt":"2024-03-23T22:55:09","slug":"court-sejour-a-la-carte","status":"publish","type":"page","link":"https:\/\/sejourlaponie.com\/index.php\/court-sejour-a-la-carte\/","title":{"rendered":"Court s\u00e9jour \u00e0 la carte"},"content":{"rendered":"<p>[et_pb_section bb_built=\u00a0\u00bb1&Prime; _builder_version=\u00a0\u00bb3.0.47&Prime; custom_padding=\u00a0\u00bb30px|0px|0|0px|false|false\u00a0\u00bb next_background_color=\u00a0\u00bb#000000&Prime;][et_pb_row _builder_version=\u00a0\u00bb3.0.47&Prime; background_size=\u00a0\u00bbinitial\u00a0\u00bb background_position=\u00a0\u00bbtop_left\u00a0\u00bb background_repeat=\u00a0\u00bbrepeat\u00a0\u00bb][et_pb_column type=\u00a0\u00bb1_2&Prime;][et_pb_image src=\u00a0\u00bbhttp:\/\/sejourlaponie.com\/wp-content\/uploads\/2018\/04\/sejour-chien-traineau-laponie-sejour-a-la-carte-header_510x300.jpg\u00a0\u00bb _builder_version=\u00a0\u00bb3.2.2&Prime; alt=\u00a0\u00bbFeu de camp durant la randonn\u00e9e en Laponie\u00a0\u00bb \/][\/et_pb_column][et_pb_column type=\u00a0\u00bb1_2&Prime;][et_pb_text _builder_version=\u00a0\u00bb3.2.2&Prime; text_font=\u00a0\u00bb||||||||\u00a0\u00bb header_font=\u00a0\u00bbSpectral|700|||||||\u00a0\u00bb header_text_color=\u00a0\u00bb#0038a7&Prime; header_2_font=\u00a0\u00bbSpectral||||||||\u00a0\u00bb header_2_text_color=\u00a0\u00bb#000000&Prime; header_2_font_size=\u00a0\u00bb22px\u00a0\u00bb header_2_line_height=\u00a0\u00bb1.2em\u00a0\u00bb]<\/p>\n<h1>Court s\u00e9jour multi-activit\u00e9s en Su\u00e8de<\/h1>\n<h2>En \u00e9t\u00e9 ou en hiver, la Laponie su\u00e9doise, r\u00e9v\u00e8le ses secrets aux visiteurs en qu\u00eate d\u2019un break entre aventures de plein air et ressourcement dans une nature sauvage pr\u00e9serv\u00e9e.<br \/>\nVous souhaitez venir chez nous pour une dur\u00e9e de 2 \u00e0 4 jours ? Contactez-nous donc vite pour cr\u00e9er sur mesure votre s\u00e9jour au fil de vos envies !<\/h2>\n<p>[\/et_pb_text][\/et_pb_column][\/et_pb_row][et_pb_row _builder_version=\u00a0\u00bb3.0.106&Prime;][et_pb_column type=\u00a0\u00bb4_4&Prime;][et_pb_text _builder_version=\u00a0\u00bb3.2.2&Prime; text_font=\u00a0\u00bbRoboto|300|||||||\u00a0\u00bb text_text_color=\u00a0\u00bb#000000&Prime; header_3_font=\u00a0\u00bbRoboto||||||||\u00a0\u00bb header_3_text_color=\u00a0\u00bb#000000&Prime; header_3_font_size=\u00a0\u00bb20px\u00a0\u00bb header_3_line_height=\u00a0\u00bb1.2em\u00a0\u00bb]<\/p>\n<h3>Ici, vous allez vivre au rythme de notre vie d\u2019amoureux de la nature et de l\u2019aventure.<br \/>\nChaque journ\u00e9e est ainsi une nouvelle occasion de partir en randonn\u00e9e en Laponie \u00e0 la d\u00e9couverte d\u2019un terrain de jeu sans limite.<\/h3>\n<p>Voici les activit\u00e9s que nous pouvons vous proposer pour concocter au mieux votre programme personnalis\u00e9 :<\/p>\n<ul>\n<li><a href=\"http:\/\/sejourlaponie.com\/index.php\/chien-traineau-laponie\/\" target=\"_blank\" rel=\"noopener\"><span style=\"text-decoration: underline;\">Conduite d\u2019attelage de chien de tra\u00eeneau<\/span><\/a> (en \u00e9t\u00e9, nous pourrons \u00e9galement entra\u00eener les chiens avec quad et VTT)<\/li>\n<li><a href=\"http:\/\/sejourlaponie.com\/index.php\/multi-activites-ete\/\" target=\"_blank\" rel=\"noopener\"><span style=\"text-decoration: underline;\">Randonn\u00e9e \u00e9questre<\/span><\/a><\/li>\n<li>Raquettes \u00e0 neige<\/li>\n<li>Ski de randonn\u00e9e nordique<\/li>\n<li><a href=\"http:\/\/sejourlaponie.com\/index.php\/multi-activites-ete\/\" target=\"_blank\" rel=\"noopener\"><span style=\"text-decoration: underline;\">Cano\u00eb<\/span><\/a> sur la rivi\u00e8re \u00d6r\u00e5n<\/li>\n<li>P\u00eache (on peut aussi vous apprendre \u00e0 p\u00eacher sous la glace en hiver !)<\/li>\n<li>Balades p\u00e9destre<\/li>\n<li>Observation des animaux sauvages<\/li>\n<li>Excursions dans les villes et villages proches et \u00e9galement d\u00e9couverte de la vie locale<\/li>\n<li><a href=\"http:\/\/sejourlaponie.com\/index.php\/bien-etre\/\" target=\"_blank\" rel=\"noopener\"><span style=\"text-decoration: underline;\">Bain nordique et sauna<\/span> <\/a>au camp de base<\/li>\n<\/ul>\n<p>Confiez-nous vos r\u00eaves de Grand Nord, nous en ferons une r\u00e9alit\u00e9 qui, durant quelques jours, vous donnera aussi envie de revenir plus longtemps !<\/p>\n<p>[\/et_pb_text][\/et_pb_column][\/et_pb_row][\/et_pb_section][et_pb_section bb_built=\u00a0\u00bb1&Prime; _builder_version=\u00a0\u00bb3.2&Prime; custom_padding=\u00a0\u00bb0|0px|30px|0px|false|false\u00a0\u00bb prev_background_color=\u00a0\u00bb#000000&Prime;][et_pb_row custom_padding=\u00a0\u00bb0|0px|27px|0px|false|false\u00a0\u00bb _builder_version=\u00a0\u00bb3.2&Prime;][et_pb_column type=\u00a0\u00bb4_4&Prime;][et_pb_button button_url=\u00a0\u00bbhttp:\/\/sejourlaponie.com\/index.php\/contact-reservation\/\u00a0\u00bb url_new_window=\u00a0\u00bbon\u00a0\u00bb button_text=\u00a0\u00bbCONTACTEZ-NOUS MAINTENANT\u00a0\u00bb button_alignment=\u00a0\u00bbcenter\u00a0\u00bb _builder_version=\u00a0\u00bb3.2&Prime; custom_button=\u00a0\u00bbon\u00a0\u00bb button_text_color=\u00a0\u00bb#ffffff\u00a0\u00bb button_bg_color=\u00a0\u00bb#0038a7&Prime; button_font=\u00a0\u00bb||||||||\u00a0\u00bb \/][\/et_pb_column][\/et_pb_row][\/et_pb_section]<\/p>\n","protected":false},"excerpt":{"rendered":"<p>Court s\u00e9jour multi-activit\u00e9s en Su\u00e8de En \u00e9t\u00e9 ou en hiver, la Laponie su\u00e9doise, r\u00e9v\u00e8le ses secrets aux visiteurs en qu\u00eate d\u2019un break entre aventures de plein air et ressourcement dans une nature sauvage pr\u00e9serv\u00e9e. Vous souhaitez venir chez nous pour une dur\u00e9e de 2 \u00e0 4 jours ? Contactez-nous donc vite pour cr\u00e9er sur mesure [&hellip;]<\/p>\n","protected":false},"author":1,"featured_media":0,"parent":0,"menu_order":0,"comment_status":"closed","ping_status":"closed","template":"","meta":{"_et_pb_use_builder":"on","_et_pb_old_content":"","_et_gb_content_width":"","footnotes":""},"class_list":["post-293","page","type-page","status-publish","hentry"],"yoast_head":"<!-- This site is optimized with the Yoast SEO plugin v25.9 - https:\/\/yoast.com\/wordpress\/plugins\/seo\/ -->\n<title>Court s\u00e9jour \u00e0 la carte - S\u00e9jours nature &amp; Chien de tra\u00eeneau en Su\u00e8de<\/title>\n<meta name=\"description\" content=\"Envie de faire un break en Su\u00e8de, au pays des aurores bor\u00e9ales et du soleil de minuit ? Chien de tra\u00eeneau, balade \u00e0 cheval, raid en cano\u00eb, randonn\u00e9e en Laponie, Aur\u00e9lie et R\u00e9my qui y sont install\u00e9s, vous proposent de composer votre s\u00e9jour \u00e0 la carte. Parlez-nous de vous r\u00eaves de Scandinavie, nous les r\u00e9aliserons !\" \/>\n<meta name=\"robots\" content=\"index, follow, max-snippet:-1, max-image-preview:large, max-video-preview:-1\" \/>\n<link rel=\"canonical\" href=\"https:\/\/sejourlaponie.com\/index.php\/court-sejour-a-la-carte\/\" \/>\n<meta property=\"og:locale\" content=\"fr_FR\" \/>\n<meta property=\"og:type\" content=\"article\" \/>\n<meta property=\"og:title\" content=\"Court s\u00e9jour \u00e0 la carte - S\u00e9jours nature &amp; Chien de tra\u00eeneau en Su\u00e8de\" \/>\n<meta property=\"og:description\" content=\"Envie de faire un break en Su\u00e8de, au pays des aurores bor\u00e9ales et du soleil de minuit ? Chien de tra\u00eeneau, balade \u00e0 cheval, raid en cano\u00eb, randonn\u00e9e en Laponie, Aur\u00e9lie et R\u00e9my qui y sont install\u00e9s, vous proposent de composer votre s\u00e9jour \u00e0 la carte. Parlez-nous de vous r\u00eaves de Scandinavie, nous les r\u00e9aliserons !\" \/>\n<meta property=\"og:url\" content=\"https:\/\/sejourlaponie.com\/index.php\/court-sejour-a-la-carte\/\" \/>\n<meta property=\"og:site_name\" content=\"S\u00e9jours nature &amp; Chien de tra\u00eeneau en Su\u00e8de\" \/>\n<meta property=\"article:publisher\" content=\"https:\/\/www.facebook.com\/Teamrevesetpassion.remycoste\" \/>\n<meta property=\"article:modified_time\" content=\"2024-03-23T22:55:09+00:00\" \/>\n<meta property=\"og:image\" content=\"https:\/\/sejourlaponie.com\/wp-content\/uploads\/2018\/08\/chien-tra\u00eeneau-laponie_attelage-Aur\u00e9lie_1200x630.jpg\" \/>\n\t<meta property=\"og:image:width\" content=\"1200\" \/>\n\t<meta property=\"og:image:height\" content=\"630\" \/>\n\t<meta property=\"og:image:type\" content=\"image\/jpeg\" \/>\n<meta name=\"twitter:card\" content=\"summary_large_image\" \/>\n<meta name=\"twitter:label1\" content=\"Dur\u00e9e de lecture estim\u00e9e\" \/>\n\t<meta name=\"twitter:data1\" content=\"2 minutes\" \/>\n<script type=\"application\/ld+json\" class=\"yoast-schema-graph\">{\"@context\":\"https:\/\/schema.org\",\"@graph\":[{\"@type\":\"WebPage\",\"@id\":\"https:\/\/sejourlaponie.com\/index.php\/court-sejour-a-la-carte\/\",\"url\":\"https:\/\/sejourlaponie.com\/index.php\/court-sejour-a-la-carte\/\",\"name\":\"Court s\u00e9jour \u00e0 la carte - S\u00e9jours nature &amp; Chien de tra\u00eeneau en Su\u00e8de\",\"isPartOf\":{\"@id\":\"https:\/\/sejourlaponie.com\/#website\"},\"datePublished\":\"2018-04-04T15:31:38+00:00\",\"dateModified\":\"2024-03-23T22:55:09+00:00\",\"description\":\"Envie de faire un break en Su\u00e8de, au pays des aurores bor\u00e9ales et du soleil de minuit ? Chien de tra\u00eeneau, balade \u00e0 cheval, raid en cano\u00eb, randonn\u00e9e en Laponie, Aur\u00e9lie et R\u00e9my qui y sont install\u00e9s, vous proposent de composer votre s\u00e9jour \u00e0 la carte. Parlez-nous de vous r\u00eaves de Scandinavie, nous les r\u00e9aliserons !\",\"breadcrumb\":{\"@id\":\"https:\/\/sejourlaponie.com\/index.php\/court-sejour-a-la-carte\/#breadcrumb\"},\"inLanguage\":\"fr-FR\",\"potentialAction\":[{\"@type\":\"ReadAction\",\"target\":[\"https:\/\/sejourlaponie.com\/index.php\/court-sejour-a-la-carte\/\"]}]},{\"@type\":\"BreadcrumbList\",\"@id\":\"https:\/\/sejourlaponie.com\/index.php\/court-sejour-a-la-carte\/#breadcrumb\",\"itemListElement\":[{\"@type\":\"ListItem\",\"position\":1,\"name\":\"Accueil\",\"item\":\"https:\/\/sejourlaponie.com\/\"},{\"@type\":\"ListItem\",\"position\":2,\"name\":\"Court s\u00e9jour \u00e0 la carte\"}]},{\"@type\":\"WebSite\",\"@id\":\"https:\/\/sejourlaponie.com\/#website\",\"url\":\"https:\/\/sejourlaponie.com\/\",\"name\":\"Chien de tra\u00eeneau et s\u00e9jours nature en Laponie su\u00e9doise\",\"description\":\"S\u00e9jours chiens de tra\u00eeneau et activit\u00e9s de nature en Laponie su\u00e9doise, hiver et \u00e9t\u00e9.\",\"potentialAction\":[{\"@type\":\"SearchAction\",\"target\":{\"@type\":\"EntryPoint\",\"urlTemplate\":\"https:\/\/sejourlaponie.com\/?s={search_term_string}\"},\"query-input\":{\"@type\":\"PropertyValueSpecification\",\"valueRequired\":true,\"valueName\":\"search_term_string\"}}],\"inLanguage\":\"fr-FR\"}]}<\/script>\n<!-- \/ Yoast SEO plugin. -->","yoast_head_json":{"title":"Court s\u00e9jour \u00e0 la carte - S\u00e9jours nature &amp; Chien de tra\u00eeneau en Su\u00e8de","description":"Envie de faire un break en Su\u00e8de, au pays des aurores bor\u00e9ales et du soleil de minuit ? Chien de tra\u00eeneau, balade \u00e0 cheval, raid en cano\u00eb, randonn\u00e9e en Laponie, Aur\u00e9lie et R\u00e9my qui y sont install\u00e9s, vous proposent de composer votre s\u00e9jour \u00e0 la carte. Parlez-nous de vous r\u00eaves de Scandinavie, nous les r\u00e9aliserons !","robots":{"index":"index","follow":"follow","max-snippet":"max-snippet:-1","max-image-preview":"max-image-preview:large","max-video-preview":"max-video-preview:-1"},"canonical":"https:\/\/sejourlaponie.com\/index.php\/court-sejour-a-la-carte\/","og_locale":"fr_FR","og_type":"article","og_title":"Court s\u00e9jour \u00e0 la carte - S\u00e9jours nature &amp; Chien de tra\u00eeneau en Su\u00e8de","og_description":"Envie de faire un break en Su\u00e8de, au pays des aurores bor\u00e9ales et du soleil de minuit ? Chien de tra\u00eeneau, balade \u00e0 cheval, raid en cano\u00eb, randonn\u00e9e en Laponie, Aur\u00e9lie et R\u00e9my qui y sont install\u00e9s, vous proposent de composer votre s\u00e9jour \u00e0 la carte. Parlez-nous de vous r\u00eaves de Scandinavie, nous les r\u00e9aliserons !","og_url":"https:\/\/sejourlaponie.com\/index.php\/court-sejour-a-la-carte\/","og_site_name":"S\u00e9jours nature &amp; Chien de tra\u00eeneau en Su\u00e8de","article_publisher":"https:\/\/www.facebook.com\/Teamrevesetpassion.remycoste","article_modified_time":"2024-03-23T22:55:09+00:00","og_image":[{"width":1200,"height":630,"url":"https:\/\/sejourlaponie.com\/wp-content\/uploads\/2018\/08\/chien-tra\u00eeneau-laponie_attelage-Aur\u00e9lie_1200x630.jpg","type":"image\/jpeg"}],"twitter_card":"summary_large_image","twitter_misc":{"Dur\u00e9e de lecture estim\u00e9e":"2 minutes"},"schema":{"@context":"https:\/\/schema.org","@graph":[{"@type":"WebPage","@id":"https:\/\/sejourlaponie.com\/index.php\/court-sejour-a-la-carte\/","url":"https:\/\/sejourlaponie.com\/index.php\/court-sejour-a-la-carte\/","name":"Court s\u00e9jour \u00e0 la carte - S\u00e9jours nature &amp; Chien de tra\u00eeneau en Su\u00e8de","isPartOf":{"@id":"https:\/\/sejourlaponie.com\/#website"},"datePublished":"2018-04-04T15:31:38+00:00","dateModified":"2024-03-23T22:55:09+00:00","description":"Envie de faire un break en Su\u00e8de, au pays des aurores bor\u00e9ales et du soleil de minuit ? Chien de tra\u00eeneau, balade \u00e0 cheval, raid en cano\u00eb, randonn\u00e9e en Laponie, Aur\u00e9lie et R\u00e9my qui y sont install\u00e9s, vous proposent de composer votre s\u00e9jour \u00e0 la carte. Parlez-nous de vous r\u00eaves de Scandinavie, nous les r\u00e9aliserons !","breadcrumb":{"@id":"https:\/\/sejourlaponie.com\/index.php\/court-sejour-a-la-carte\/#breadcrumb"},"inLanguage":"fr-FR","potentialAction":[{"@type":"ReadAction","target":["https:\/\/sejourlaponie.com\/index.php\/court-sejour-a-la-carte\/"]}]},{"@type":"BreadcrumbList","@id":"https:\/\/sejourlaponie.com\/index.php\/court-sejour-a-la-carte\/#breadcrumb","itemListElement":[{"@type":"ListItem","position":1,"name":"Accueil","item":"https:\/\/sejourlaponie.com\/"},{"@type":"ListItem","position":2,"name":"Court s\u00e9jour \u00e0 la carte"}]},{"@type":"WebSite","@id":"https:\/\/sejourlaponie.com\/#website","url":"https:\/\/sejourlaponie.com\/","name":"Chien de tra\u00eeneau et s\u00e9jours nature en Laponie su\u00e9doise","description":"S\u00e9jours chiens de tra\u00eeneau et activit\u00e9s de nature en Laponie su\u00e9doise, hiver et \u00e9t\u00e9.","potentialAction":[{"@type":"SearchAction","target":{"@type":"EntryPoint","urlTemplate":"https:\/\/sejourlaponie.com\/?s={search_term_string}"},"query-input":{"@type":"PropertyValueSpecification","valueRequired":true,"valueName":"search_term_string"}}],"inLanguage":"fr-FR"}]}},"_links":{"self":[{"href":"https:\/\/sejourlaponie.com\/index.php\/wp-json\/wp\/v2\/pages\/293","targetHints":{"allow":["GET"]}}],"collection":[{"href":"https:\/\/sejourlaponie.com\/index.php\/wp-json\/wp\/v2\/pages"}],"about":[{"href":"https:\/\/sejourlaponie.com\/index.php\/wp-json\/wp\/v2\/types\/page"}],"author":[{"embeddable":true,"href":"https:\/\/sejourlaponie.com\/index.php\/wp-json\/wp\/v2\/users\/1"}],"replies":[{"embeddable":true,"href":"https:\/\/sejourlaponie.com\/index.php\/wp-json\/wp\/v2\/comments?post=293"}],"version-history":[{"count":16,"href":"https:\/\/sejourlaponie.com\/index.php\/wp-json\/wp\/v2\/pages\/293\/revisions"}],"predecessor-version":[{"id":1072,"href":"https:\/\/sejourlaponie.com\/index.php\/wp-json\/wp\/v2\/pages\/293\/revisions\/1072"}],"wp:attachment":[{"href":"https:\/\/sejourlaponie.com\/index.php\/wp-json\/wp\/v2\/media?parent=293"}],"curies":[{"name":"wp","href":"https:\/\/api.w.org\/{rel}","templated":true}]}}